-7 + m. Suppose 3*y = n + 4*y - 11, 0 = -3*y + 12. What is the remainder when n is divided by r?
3
Suppose -4*o - 15 = -51. Suppose o*w - 4*w - 50 = 0. Calculate the remainder when 37 is divided by w.
7
Suppose -2*a = -5*h + 8, -4*a = -h + 8 + 8. Let b(c) = -3 + h*c + c + 0*c. What is the remainder when 2 is divided by b(4)?
0
Let i(n) = n**3 - 2*n**2 + 1. Let y(t) = t - 7. Let v be y(10). Calculate the remainder when i(3) is divided by -2 + 5 + v/1.
4
Suppose o + 0*o - 27 = 0. Calculate the remainder when 78 is divided by o.
24
Let p = 83 + -38. What is the remainder when 177 is divided by p?
42
Let b = 15 - 10. Suppose 120 = b*t - t - h, 2*t + 2*h = 50. What is the remainder when t is divided by 8?
5
Suppose 2*x - 78 = 2*p, -5*p + 59 = 2*x - 33. Calculate the remainder when x is divided by 22 - (-1 - -2)*1.
20
Let k(o) = -4*o**2 - 4*o**2 + 2*o**3 + 15*o - 10 - 3*o**2 - o**3. What is the remainder when k(10) is divided by (-2)/(-4) - (-81)/6?
12
What is the remainder when (-2328)/(-30) - 4/(-10) is divided by 16?
14
Suppose -5*g + u - 52 = 0, -g + u = -0*u + 12. Let r = g - -17. What is the remainder when r is divided by 3?
1
Suppose -b + 1 + 1 = 0. What is the remainder when b is divided by 1?
0
Suppose 16 = 2*c - 34. What is the remainder when 49 is divided by c?
24
Suppose j = 2*q - 3, 4*q - 5*j - 6 = -3. Suppose o + 5*g + q = -1, 2*g = -2*o - 6. Let m = o + 17. What is the remainder when 40 is divided by m?
12
Suppose 0 = -o - 3*o + 24. Let g = 6 + o. What is the remainder when 47 is divided by g?
11
Suppose n + z = 22, -2*z = -4*n - 3*z + 100. What is the remainder when 103 is divided by n?
25
What is the remainder when 120*(-6)/9*-1 is divided by 21?
17
Suppose 0 = 5*w - 10, -4*n + 3*w - w = -4. Suppose -n*u - u + 339 = 0. What is the remainder when u is divided by 29?
26
Suppose 48 = 8*b - 7*b. What is the remainder when b is divided by 26?
22
Suppose -109 + 29 = -4*c + 4*g, -c = 3*g - 36. Let b = -21 + c. What is the remainder when 4 is divided by b?
1
Let k = -5 - 1. Let b be (-1 - 9/k)*2. Suppose -4*d - 11 = b, -2*v = -4*d - 44. What is the remainder when v is divided by 6?
4
Let s(f) = -13*f**3 + f + 1. Calculate the remainder when 47 is divided by s(-1).
8
Suppose -a + 58 = 4*a - v, a - 8 = -v. Let o(h) = 3*h**3 + 3*h**2 - 2*h - 2. Calculate the remainder when o(2) is divided by a.
8
Let d(x) = x**2 - 2*x. Let s be d(2). Let u = s + 3. Suppose -5*m + u = -12. What is the remainder when 5 is divided by m?
2
Let m(v) = -52*v - 46. Calculate the remainder when m(-4) is divided by 41.
39
Let z be (-6)/(2/1)*-1. Suppose z*n - 21 - 15 = 0. What is the remainder when 23 is divided by n?
11
Let i(f) = f**3 - 3*f + 1. Let m be i(2). Suppose r + 46 = m*z, -4*r - 9 = 7. Calculate the remainder when 41 is divided by z.
13
Suppose -2*f = 2*g - 30, 20 = 2*g + 5*f - 10. What is the remainder when 54 is divided by g?
9
Suppose 3*q - 10 = 5*v - 30, q = -v - 4. Let w be 1*3/v*1. Let t(b) = 2*b + 3. What is the remainder when 16 is divided by t(w)?
7
Let h(x) = -2*x**2 - 9*x - 2. Let t(m) = -2*m + 0 - 3 - m**2 - 6*m. Let v(i) = -2*h(i) + 3*t(i). Calculate the remainder when 2 is divided by v(7).
0
Suppose -2*i - 6 - 40 = -2*k, 4*i = -3*k + 48. Suppose 0*n - 2*n + k = 0. Let m = 3 - -1. What is the remainder when n is divided by m?
2
Suppose 0 = -2*h - 3*w + 28, 3*h - 2*w - 5 = 11. Suppose -10*t + h*t = -42. Calculate the remainder when t is divided by 12.
9
Let w(g) = 0*g**2 + 2*g + 2*g**2 - g. Let q be w(-2). Suppose v - q*v = -2*i - 60, 0 = -v - 4*i + 34. Calculate the remainder when v is divided by 8.
6
Let z(x) be the first derivative of -x**3/3 - 7*x**2/2 - x + 1. What is the remainder when 32 is divided by z(-4)?
10
Let z(i) = -i**3 - 2*i**2 + i - 3. Let l be z(-3). Suppose 5*m + 5 = 0, l*m - 191 = -5*j - 34. Let n = j - 19. What is the remainder when 38 is divided by n?
12
Let n = -7 - -20. Calculate the remainder when n is divided by 4.
1
Suppose -5*g - 4*h = -9 + 75, -60 = 4*g - 4*h. Calculate the remainder when 2/(-7) + (-368)/g is divided by (-55)/(-4) + 2/8.
12
Suppose 2*a + 3*a + 20 = 0. Let i(n) = n**2 - 3. Calculate the remainder when 24 is divided by i(a).
11
Suppose z + z = 50. Calculate the remainder when z is divided by 9.
7
Suppose 3*h - 7 - 5 = 0. Suppose 234 = -2*i + h*i. Suppose -5*c = -5*j - 165, -3*c - j = c - i. Calculate the remainder when c is divided by 16.
14
Let r = -38 - -62. Suppose 3 + 10 = j. What is the remainder when r is divided by j?
11
Suppose 147*g - 255 = 142*g. What is the remainder when g is divided by 18?
15
Let j = 116 + -72. Calculate the remainder when 130 is divided by j.
42
Suppose 7*h + 48 = 10*h. Calculate the remainder when 77 is divided by h.
13
Let j(l) be the second derivative of -l**5/4 + l**3/6 - 10*l. Calculate the remainder when 11 is divided by j(-1).
3
Let o(b) = -b**3 + 6*b**2 + b + 3. Let w be ((-6)/8)/(2/(-16)). Suppose 0 = 2*n - 3*n + 26. Calculate the remainder when n is divided by o(w).
8
Suppose h + c + 154 = 3*h, 385 = 5*h - 4*c. Calculate the remainder when h is divided by 20.
17
Suppose -187 - 13 = -8*u. Let g = 70 - 21. Calculate the remainder when g is divided by u.
24
Let y = -75 + -77. What is the remainder when 75 is divided by (y/(-24))/((-2)/(-6))?
18
Suppose 5*l + 828 = 4*y - 187, 285 = y + 5*l. Suppose -s = 4*s - y. What is the remainder when s is divided by 18?
16
Let k = -34 - -98. Let v(y) = -26*y - 4. Calculate the remainder when k is divided by v(-1).
20
Suppose 0 = -m - 3*c + 14, -4*m - c = -8 - 4. Suppose 5*s - 46 = -4*y, 4*s - 5*y + m*y - 43 = 0. What is the remainder when -58*2/(-12)*3 is divided by s?
9
Suppose 5*g - 5*o - 450 = 0, 4*o - 113 - 150 = -3*g. Suppose 0 = -4*v + g + 39. Calculate the remainder when v is divided by 6/(-27) - (-303)/27.
10
Let b = -66 + 38. Let z = -19 - b. What is the remainder when 34 is divided by z?
7
Let s(y) = 38*y**2 + 2*y + 1. Let k be s(-1). Suppose -2*z + 3*z - k = 0. What is the remainder when z is divided by 13?
11
Suppose 35*u - 28*u - 189 = 0. Suppose -4*v - 3*o = -40, -v - 5*o - 1 = -4*v. Calculate the remainder when u is divided by v.
6
Let w(q) = -q**3 + 6*q**2 - 4*q + 10. Calculate the remainder when 25 is divided by w(5).
10
Let t(i) = -i**3 + 17*i**2 - 15*i - 11. What is the remainder when 14 is divided by t(16)?
4
Let q = -2 + 14. What is the remainder when (23/(-5))/((-2)/10) is divided by q?
11
Let w = 111 - 84. Calculate the remainder when 75 is divided by w.
21
Let o(p) = 1 + p**2 - p - p**2 + 3*p**2. Let b be o(1). Suppose -4*h + 4*q + 164 = 0, -b*q = -4*h + 4 + 161. Calculate the remainder when h is divided by 11.
9
Let t be (-1)/1 + -3 + 8. Suppose -2*a + 5*v = -46, -104 = -t*a + 5*v - 22. What is the remainder when 35 is divided by a?
17
Suppose -6*b + 4*o = -2*b - 24, 0 = -5*b + 4*o + 26. Suppose 5*y - d - 309 = -0, -b*d + 53 = y. Calculate the remainder when y is divided by 21.
19
Suppose -4*z - 345 = -81. Let k = 99 + z. What is the remainder when k is divided by 12?
9
Suppose -55 - 31 = -2*v. Calculate the remainder when v is divided by 15.
13
Suppose 0 = 2*h - 5*b - 37, -5*b + 15 = 5*h - 2*b. Calculate the remainder when 16 is divided by h.
4
Let a(t) = 7*t**2 + 2*t + 1. Let w(j) = j + 1. Let z be w(-2). Suppose 0*u = 2*u - 32. What is the remainder when u is divided by a(z)?
4
Let m be (0 - 14/3)*6. Let p = 49 + m. What is the remainder when 39 is divided by p?
18
Suppose -3*s + 3 + 3 = 0. Let a(p) = p - p + s + p. Calculate the remainder when 14 is divided by a(6).
6
Let g(f) be the third derivative of f**5/60 + f**4/12 - 7*f**3/6 - 2*f**2. Calculate the remainder when 14 is divided by g(-5).
6
Suppose -u - 2*u - 2*h = -86, -5*h - 25 = 0. Suppose -2*n = -0*x - 3*x + u, -2*x + 24 = -4*n. What is the remainder when 29 is divided by x?
9
Let r(f) = f + 3. Let i be r(-3). Suppose 4*a = -3*j - 7 + 63, -3*j = i. What is the remainder when a is divided by 4?
2
Let i = -73 + 131. Calculate the remainder when i is divided by 12.
10
What is the remainder when (-58)/(-4 + 2) + 4 is divided by 18?
15
Let j be 46/6 + (-6)/9. Let m = -3 + j. Suppose -m*n = -74 + 10. What is the remainder when 30 is divided by n?
14
Let f(r) = r**2 - 8*r + 1. What is the remainder when f(11) is divided by 28?
6
Let x be (-3)